{"id":3523,"date":"2026-01-12T13:51:13","date_gmt":"2026-01-12T13:51:13","guid":{"rendered":"https:\/\/saltdesign.se\/?post_type=product&#038;p=3523"},"modified":"2026-01-28T10:49:38","modified_gmt":"2026-01-28T10:49:38","slug":"aterbrukad-sweatshirt-beige","status":"publish","type":"product","link":"https:\/\/saltdesign.se\/index.php\/product\/aterbrukad-sweatshirt-beige\/","title":{"rendered":"\u00c5terbrukad sweatshirt beige"},"content":{"rendered":"<p>Vi trycker v\u00e5r design p\u00e5 second-hand plagg, ett fint s\u00e4tt att \u00e5terbruka tycker vi.<\/p>\n<p>Sweatshirt (second hand) i beige med trycket tr\u00e4d i brunt och rosa. Stl M\/L<\/p>\n","protected":false},"excerpt":{"rendered":"<p>Vi trycker v\u00e5r design p\u00e5 second-hand plagg, ett fint s\u00e4tt att \u00e5terbruka tycker vi.<\/p>\n<p>Sweatshirt (second hand) i beige med trycket tr\u00e4d i brunt och rosa. Stl M\/L<\/p>\n","protected":false},"featured_media":3525,"comment_status":"closed","ping_status":"closed","template":"","meta":[],"product_brand":[],"product_cat":[98,97,15],"product_tag":[],"class_list":{"0":"post-3523","1":"product","2":"type-product","3":"status-publish","4":"has-post-thumbnail","6":"product_cat-aterbrukade-plagg","7":"product_cat-t-shirts","8":"product_cat-uncategorized","9":"product_shipping_class-skissblock","11":"first","12":"instock","13":"taxable","14":"shipping-taxable","15":"purchasable","16":"product-type-simple"},"jetpack_sharing_enabled":true,"_links":{"self":[{"href":"https:\/\/saltdesign.se\/index.php\/wp-json\/wp\/v2\/product\/3523","targetHints":{"allow":["GET"]}}],"collection":[{"href":"https:\/\/saltdesign.se\/index.php\/wp-json\/wp\/v2\/product"}],"about":[{"href":"https:\/\/saltdesign.se\/index.php\/wp-json\/wp\/v2\/types\/product"}],"replies":[{"embeddable":true,"href":"https:\/\/saltdesign.se\/index.php\/wp-json\/wp\/v2\/comments?post=3523"}],"wp:featuredmedia":[{"embeddable":true,"href":"https:\/\/saltdesign.se\/index.php\/wp-json\/wp\/v2\/media\/3525"}],"wp:attachment":[{"href":"https:\/\/saltdesign.se\/index.php\/wp-json\/wp\/v2\/media?parent=3523"}],"wp:term":[{"taxonomy":"product_brand","embeddable":true,"href":"https:\/\/saltdesign.se\/index.php\/wp-json\/wp\/v2\/product_brand?post=3523"},{"taxonomy":"product_cat","embeddable":true,"href":"https:\/\/saltdesign.se\/index.php\/wp-json\/wp\/v2\/product_cat?post=3523"},{"taxonomy":"product_tag","embeddable":true,"href":"https:\/\/saltdesign.se\/index.php\/wp-json\/wp\/v2\/product_tag?post=3523"}],"curies":[{"name":"wp","href":"https:\/\/api.w.org\/{rel}","templated":true}]}}